{"id":1768,"date":"2026-04-20T16:04:20","date_gmt":"2026-04-20T16:04:20","guid":{"rendered":"https:\/\/www.imkerverein-aurich.de\/?page_id=1768"},"modified":"2026-04-20T16:23:09","modified_gmt":"2026-04-20T16:23:09","slug":"2026-03-21-stadt-aurich-fruehjahrsputz","status":"publish","type":"page","link":"https:\/\/www.imkerverein-aurich.de\/?page_id=1768","title":{"rendered":"2026-03-21- Stadt Aurich &#8211; Fr\u00fchjahrsputz"},"content":{"rendered":"\t\t<div data-elementor-type=\"wp-page\" data-elementor-id=\"1768\" class=\"elementor elementor-1768\">\n\t\t\t\t\t\t<section class=\"elementor-section elementor-top-section elementor-element elementor-element-97dcc43 elementor-section-full_width elementor-section-stretched elementor-section-height-default elementor-section-height-default\" data-id=\"97dcc43\" data-element_type=\"section\" data-e-type=\"section\" data-settings=\"{&quot;stretch_section&quot;:&quot;section-stretched&quot;}\">\n\t\t\t\t\t\t<div class=\"elementor-container elementor-column-gap-default\">\n\t\t\t\t\t<div class=\"elementor-column elementor-col-100 elementor-top-column elementor-element elementor-element-1b35140d\" data-id=\"1b35140d\" data-element_type=\"column\" data-e-type=\"column\">\n\t\t\t<div class=\"elementor-widget-wrap elementor-element-populated\">\n\t\t\t\t\t\t<div class=\"elementor-element elementor-element-7238ef6d elementor-widget elementor-widget-image\" data-id=\"7238ef6d\" data-element_type=\"widget\" data-e-type=\"widget\" data-widget_type=\"image.default\">\n\t\t\t\t<div class=\"elementor-widget-container\">\n\t\t\t\t\t\t\t\t\t\t\t\t\t\t\t<img decoding=\"async\" src=\"https:\/\/www.imkerverein-aurich.de\/wp-content\/uploads\/2025\/12\/Hex-Head.png\" title=\"Hex-Head\" alt=\"Hex-Head\" loading=\"lazy\" \/>\t\t\t\t\t\t\t\t\t\t\t\t\t\t\t<\/div>\n\t\t\t\t<\/div>\n\t\t\t\t\t<\/div>\n\t\t<\/div>\n\t\t\t\t\t<\/div>\n\t\t<\/section>\n\t\t\t\t<section class=\"elementor-section elementor-top-section elementor-element elementor-element-2adbf99 elementor-section-boxed elementor-section-height-default elementor-section-height-default\" data-id=\"2adbf99\" data-element_type=\"section\" data-e-type=\"section\">\n\t\t\t\t\t\t<div class=\"elementor-container elementor-column-gap-default\">\n\t\t\t\t\t<div class=\"elementor-column elementor-col-100 elementor-top-column elementor-element elementor-element-1bcacad\" data-id=\"1bcacad\" data-element_type=\"column\" data-e-type=\"column\">\n\t\t\t<div class=\"elementor-widget-wrap elementor-element-populated\">\n\t\t\t\t\t\t<div class=\"elementor-element elementor-element-adccb58 elementor-widget elementor-widget-heading\" data-id=\"adccb58\" data-element_type=\"widget\" data-e-type=\"widget\" data-widget_type=\"heading.default\">\n\t\t\t\t<div class=\"elementor-widget-container\">\n\t\t\t\t\t<h2 class=\"elementor-heading-title elementor-size-default\">Stadt Aurich ruft zum Fr\u00fchjahrsputz auf...<\/h2>\t\t\t\t<\/div>\n\t\t\t\t<\/div>\n\t\t\t\t\t<\/div>\n\t\t<\/div>\n\t\t\t\t\t<\/div>\n\t\t<\/section>\n\t\t<div class=\"elementor-element elementor-element-ec46b83 e-flex e-con-boxed e-con e-parent\" data-id=\"ec46b83\" data-element_type=\"container\" data-e-type=\"container\">\n\t\t\t\t\t<div class=\"e-con-inner\">\n\t\t<div class=\"elementor-element elementor-element-52926f6 e-con-full e-flex e-con e-child\" data-id=\"52926f6\" data-element_type=\"container\" data-e-type=\"container\">\n\t\t\t\t<div class=\"elementor-element elementor-element-c9671d5 elementor-widget elementor-widget-image\" data-id=\"c9671d5\" data-element_type=\"widget\" data-e-type=\"widget\" data-widget_type=\"image.default\">\n\t\t\t\t<div class=\"elementor-widget-container\">\n\t\t\t\t\t\t\t\t\t\t\t\t\t\t\t\t<a href=\"https:\/\/www.imkerverein-aurich.de\/wp-content\/uploads\/2026\/04\/IMG-20260322-WA0016.jpg\" data-elementor-open-lightbox=\"yes\" data-elementor-lightbox-title=\"IMG-20260322-WA0016\" data-e-action-hash=\"#elementor-action%3Aaction%3Dlightbox%26settings%3DeyJpZCI6MTc3NywidXJsIjoiaHR0cHM6XC9cL3d3dy5pbWtlcnZlcmVpbi1hdXJpY2guZGVcL3dwLWNvbnRlbnRcL3VwbG9hZHNcLzIwMjZcLzA0XC9JTUctMjAyNjAzMjItV0EwMDE2LmpwZyJ9\">\n\t\t\t\t\t\t\t<img decoding=\"async\" src=\"https:\/\/www.imkerverein-aurich.de\/wp-content\/uploads\/elementor\/thumbs\/IMG-20260322-WA0016-rmajauiwrly4d6ziv2cz6v5wre2opngpg2qljjjrb4.jpg\" title=\"IMG-20260322-WA0016\" alt=\"IMG-20260322-WA0016\" loading=\"lazy\" \/>\t\t\t\t\t\t\t\t<\/a>\n\t\t\t\t\t\t\t\t\t\t\t\t\t\t\t<\/div>\n\t\t\t\t<\/div>\n\t\t\t\t<\/div>\n\t\t<div class=\"elementor-element elementor-element-45b2c8c e-con-full e-flex e-con e-child\" data-id=\"45b2c8c\" data-element_type=\"container\" data-e-type=\"container\">\n\t\t\t\t<div class=\"elementor-element elementor-element-d3e4b91 elementor-widget elementor-widget-text-editor\" data-id=\"d3e4b91\" data-element_type=\"widget\" data-e-type=\"widget\" data-widget_type=\"text-editor.default\">\n\t\t\t\t<div class=\"elementor-widget-container\">\n\t\t\t\t\t\t\t\t\t<h4>&#8230; und der Imkerverein Aurich beteiligte sich an der Fr\u00fchjahrsputzaktion.<\/h4><p>Am Samstag den 21.M\u00e4rz trafen sich vierzehn Mitglieder des Imkervereins sowie\u00a0einige G\u00e4ste zur traditionellen Fr\u00fchjahrsputzaktion der Stadt Aurich.<\/p><p>Bei durchwachsenem Wetter wurde das Gebiet des Popenser W\u00e4ldchens sowie der\u00a0angrenzende Bereich des Ostfrieslandwanderweges von Unrat gereinigt.<\/p><p style=\"text-align: center;\"><strong>Das M\u00fcllaufkommen hielt sich jedoch noch in Grenzen.<\/strong><\/p><p>Lediglich Reste eine B\u00fcrostuhls und ein Fahrradsattel waren als gr\u00f6\u00dfere Einzelfunde\u00a0bemerkenswert. Alle Teilnehmer bezeichneten den Nachmittag als gelungen.\u00a0Jeder Teilnehmer hat im Sinne des Imkervereins etwas Sinnvolles f\u00fcr die Umwelt\u00a0beigetragen.<\/p><p>Auf Einladung des Imkervereins trafen sich die Teilnehmer beim 2.Vorsitzenden Rainer\u00a0Huschke zum gem\u00fctlichen Abschluss.<\/p>\t\t\t\t\t\t\t\t<\/div>\n\t\t\t\t<\/div>\n\t\t\t\t<\/div>\n\t\t\t\t\t<\/div>\n\t\t\t\t<\/div>\n\t\t<div class=\"elementor-element elementor-element-ca3a019 e-flex e-con-boxed e-con e-parent\" data-id=\"ca3a019\" data-element_type=\"container\" data-e-type=\"container\">\n\t\t\t\t\t<div class=\"e-con-inner\">\n\t\t\t\t<div class=\"elementor-element elementor-element-0092eaf elementor-arrows-position-inside elementor-pagination-position-outside elementor-widget elementor-widget-image-carousel\" data-id=\"0092eaf\" data-element_type=\"widget\" data-e-type=\"widget\" data-settings=\"{&quot;navigation&quot;:&quot;both&quot;,&quot;autoplay&quot;:&quot;yes&quot;,&quot;pause_on_hover&quot;:&quot;yes&quot;,&quot;pause_on_interaction&quot;:&quot;yes&quot;,&quot;autoplay_speed&quot;:5000,&quot;infinite&quot;:&quot;yes&quot;,&quot;speed&quot;:500}\" data-widget_type=\"image-carousel.default\">\n\t\t\t\t<div class=\"elementor-widget-container\">\n\t\t\t\t\t\t\t<div class=\"elementor-image-carousel-wrapper swiper\" role=\"region\" aria-roledescription=\"carousel\" aria-label=\"Bild Karussell\" dir=\"ltr\">\n\t\t\t<div class=\"elementor-image-carousel swiper-wrapper\" aria-live=\"off\">\n\t\t\t\t\t\t\t\t<div class=\"swiper-slide\" role=\"group\" aria-roledescription=\"slide\" aria-label=\"1 von 11\"><a data-elementor-open-lightbox=\"yes\" data-elementor-lightbox-slideshow=\"0092eaf\" data-elementor-lightbox-title=\"Stadt Aurich - Fr\u00fchjahrsputz\" data-e-action-hash=\"#elementor-action%3Aaction%3Dlightbox%26settings%3DeyJpZCI6MTc5MCwidXJsIjoiaHR0cHM6XC9cL3d3dy5pbWtlcnZlcmVpbi1hdXJpY2guZGVcL3dwLWNvbnRlbnRcL3VwbG9hZHNcLzIwMjZcLzA0XC9TdGFkdC1BdXJpY2gtRnJ1ZWhqYWhyc3B1dHotMS5qcGciLCJzbGlkZXNob3ciOiIwMDkyZWFmIn0%3D\" href=\"https:\/\/www.imkerverein-aurich.de\/wp-content\/uploads\/2026\/04\/Stadt-Aurich-Fruehjahrsputz-1.jpg\"><figure class=\"swiper-slide-inner\"><img decoding=\"async\" class=\"swiper-slide-image\" src=\"https:\/\/www.imkerverein-aurich.de\/wp-content\/uploads\/2026\/04\/Stadt-Aurich-Fruehjahrsputz-1-150x150.jpg\" alt=\"Stadt Aurich - Fr\u00fchjahrsputz\" \/><\/figure><\/a><\/div><div class=\"swiper-slide\" role=\"group\" aria-roledescription=\"slide\" aria-label=\"2 von 11\"><a data-elementor-open-lightbox=\"yes\" data-elementor-lightbox-slideshow=\"0092eaf\" data-elementor-lightbox-title=\"IMG-20260322-WA0016\" data-e-action-hash=\"#elementor-action%3Aaction%3Dlightbox%26settings%3DeyJpZCI6MTc5MSwidXJsIjoiaHR0cHM6XC9cL3d3dy5pbWtlcnZlcmVpbi1hdXJpY2guZGVcL3dwLWNvbnRlbnRcL3VwbG9hZHNcLzIwMjZcLzA0XC9JTUctMjAyNjAzMjItV0EwMDE2LTEuanBnIiwic2xpZGVzaG93IjoiMDA5MmVhZiJ9\" href=\"https:\/\/www.imkerverein-aurich.de\/wp-content\/uploads\/2026\/04\/IMG-20260322-WA0016-1.jpg\"><figure class=\"swiper-slide-inner\"><img decoding=\"async\" class=\"swiper-slide-image\" src=\"https:\/\/www.imkerverein-aurich.de\/wp-content\/uploads\/2026\/04\/IMG-20260322-WA0016-1-150x150.jpg\" alt=\"IMG-20260322-WA0016\" \/><\/figure><\/a><\/div><div class=\"swiper-slide\" role=\"group\" aria-roledescription=\"slide\" aria-label=\"3 von 11\"><a data-elementor-open-lightbox=\"yes\" data-elementor-lightbox-slideshow=\"0092eaf\" data-elementor-lightbox-title=\"IMG-20260322-WA0015\" data-e-action-hash=\"#elementor-action%3Aaction%3Dlightbox%26settings%3DeyJpZCI6MTc3NiwidXJsIjoiaHR0cHM6XC9cL3d3dy5pbWtlcnZlcmVpbi1hdXJpY2guZGVcL3dwLWNvbnRlbnRcL3VwbG9hZHNcLzIwMjZcLzA0XC9JTUctMjAyNjAzMjItV0EwMDE1LmpwZyIsInNsaWRlc2hvdyI6IjAwOTJlYWYifQ%3D%3D\" href=\"https:\/\/www.imkerverein-aurich.de\/wp-content\/uploads\/2026\/04\/IMG-20260322-WA0015.jpg\"><figure class=\"swiper-slide-inner\"><img decoding=\"async\" class=\"swiper-slide-image\" src=\"https:\/\/www.imkerverein-aurich.de\/wp-content\/uploads\/2026\/04\/IMG-20260322-WA0015-150x150.jpg\" alt=\"IMG-20260322-WA0015\" \/><\/figure><\/a><\/div><div class=\"swiper-slide\" role=\"group\" aria-roledescription=\"slide\" aria-label=\"4 von 11\"><a data-elementor-open-lightbox=\"yes\" data-elementor-lightbox-slideshow=\"0092eaf\" data-elementor-lightbox-title=\"IMG-20260322-WA0018\" data-e-action-hash=\"#elementor-action%3Aaction%3Dlightbox%26settings%3DeyJpZCI6MTc3OSwidXJsIjoiaHR0cHM6XC9cL3d3dy5pbWtlcnZlcmVpbi1hdXJpY2guZGVcL3dwLWNvbnRlbnRcL3VwbG9hZHNcLzIwMjZcLzA0XC9JTUctMjAyNjAzMjItV0EwMDE4LmpwZyIsInNsaWRlc2hvdyI6IjAwOTJlYWYifQ%3D%3D\" href=\"https:\/\/www.imkerverein-aurich.de\/wp-content\/uploads\/2026\/04\/IMG-20260322-WA0018.jpg\"><figure class=\"swiper-slide-inner\"><img decoding=\"async\" class=\"swiper-slide-image\" src=\"https:\/\/www.imkerverein-aurich.de\/wp-content\/uploads\/2026\/04\/IMG-20260322-WA0018-150x150.jpg\" alt=\"IMG-20260322-WA0018\" \/><\/figure><\/a><\/div><div class=\"swiper-slide\" role=\"group\" aria-roledescription=\"slide\" aria-label=\"5 von 11\"><a data-elementor-open-lightbox=\"yes\" data-elementor-lightbox-slideshow=\"0092eaf\" data-elementor-lightbox-title=\"IMG-20260322-WA0015(1)\" data-e-action-hash=\"#elementor-action%3Aaction%3Dlightbox%26settings%3DeyJpZCI6MTc3NSwidXJsIjoiaHR0cHM6XC9cL3d3dy5pbWtlcnZlcmVpbi1hdXJpY2guZGVcL3dwLWNvbnRlbnRcL3VwbG9hZHNcLzIwMjZcLzA0XC9JTUctMjAyNjAzMjItV0EwMDE1MS5qcGciLCJzbGlkZXNob3ciOiIwMDkyZWFmIn0%3D\" href=\"https:\/\/www.imkerverein-aurich.de\/wp-content\/uploads\/2026\/04\/IMG-20260322-WA00151.jpg\"><figure class=\"swiper-slide-inner\"><img decoding=\"async\" class=\"swiper-slide-image\" src=\"https:\/\/www.imkerverein-aurich.de\/wp-content\/uploads\/2026\/04\/IMG-20260322-WA00151-150x150.jpg\" alt=\"IMG-20260322-WA0015(1)\" \/><\/figure><\/a><\/div><div class=\"swiper-slide\" role=\"group\" aria-roledescription=\"slide\" aria-label=\"6 von 11\"><a data-elementor-open-lightbox=\"yes\" data-elementor-lightbox-slideshow=\"0092eaf\" data-elementor-lightbox-title=\"IMG-20260322-WA0021\" data-e-action-hash=\"#elementor-action%3Aaction%3Dlightbox%26settings%3DeyJpZCI6MTc4MiwidXJsIjoiaHR0cHM6XC9cL3d3dy5pbWtlcnZlcmVpbi1hdXJpY2guZGVcL3dwLWNvbnRlbnRcL3VwbG9hZHNcLzIwMjZcLzA0XC9JTUctMjAyNjAzMjItV0EwMDIxLmpwZyIsInNsaWRlc2hvdyI6IjAwOTJlYWYifQ%3D%3D\" href=\"https:\/\/www.imkerverein-aurich.de\/wp-content\/uploads\/2026\/04\/IMG-20260322-WA0021.jpg\"><figure class=\"swiper-slide-inner\"><img decoding=\"async\" class=\"swiper-slide-image\" src=\"https:\/\/www.imkerverein-aurich.de\/wp-content\/uploads\/2026\/04\/IMG-20260322-WA0021-150x150.jpg\" alt=\"IMG-20260322-WA0021\" \/><\/figure><\/a><\/div><div class=\"swiper-slide\" role=\"group\" aria-roledescription=\"slide\" aria-label=\"7 von 11\"><a data-elementor-open-lightbox=\"yes\" data-elementor-lightbox-slideshow=\"0092eaf\" data-elementor-lightbox-title=\"IMG-20260322-WA0020\" data-e-action-hash=\"#elementor-action%3Aaction%3Dlightbox%26settings%3DeyJpZCI6MTc4MSwidXJsIjoiaHR0cHM6XC9cL3d3dy5pbWtlcnZlcmVpbi1hdXJpY2guZGVcL3dwLWNvbnRlbnRcL3VwbG9hZHNcLzIwMjZcLzA0XC9JTUctMjAyNjAzMjItV0EwMDIwLmpwZyIsInNsaWRlc2hvdyI6IjAwOTJlYWYifQ%3D%3D\" href=\"https:\/\/www.imkerverein-aurich.de\/wp-content\/uploads\/2026\/04\/IMG-20260322-WA0020.jpg\"><figure class=\"swiper-slide-inner\"><img decoding=\"async\" class=\"swiper-slide-image\" src=\"https:\/\/www.imkerverein-aurich.de\/wp-content\/uploads\/2026\/04\/IMG-20260322-WA0020-150x150.jpg\" alt=\"IMG-20260322-WA0020\" \/><\/figure><\/a><\/div><div class=\"swiper-slide\" role=\"group\" aria-roledescription=\"slide\" aria-label=\"8 von 11\"><a data-elementor-open-lightbox=\"yes\" data-elementor-lightbox-slideshow=\"0092eaf\" data-elementor-lightbox-title=\"IMG-20260322-WA0019\" data-e-action-hash=\"#elementor-action%3Aaction%3Dlightbox%26settings%3DeyJpZCI6MTc4MCwidXJsIjoiaHR0cHM6XC9cL3d3dy5pbWtlcnZlcmVpbi1hdXJpY2guZGVcL3dwLWNvbnRlbnRcL3VwbG9hZHNcLzIwMjZcLzA0XC9JTUctMjAyNjAzMjItV0EwMDE5LmpwZyIsInNsaWRlc2hvdyI6IjAwOTJlYWYifQ%3D%3D\" href=\"https:\/\/www.imkerverein-aurich.de\/wp-content\/uploads\/2026\/04\/IMG-20260322-WA0019.jpg\"><figure class=\"swiper-slide-inner\"><img decoding=\"async\" class=\"swiper-slide-image\" src=\"https:\/\/www.imkerverein-aurich.de\/wp-content\/uploads\/2026\/04\/IMG-20260322-WA0019-150x150.jpg\" alt=\"IMG-20260322-WA0019\" \/><\/figure><\/a><\/div><div class=\"swiper-slide\" role=\"group\" aria-roledescription=\"slide\" aria-label=\"9 von 11\"><a data-elementor-open-lightbox=\"yes\" data-elementor-lightbox-slideshow=\"0092eaf\" data-elementor-lightbox-title=\"IMG-20260322-WA0017\" data-e-action-hash=\"#elementor-action%3Aaction%3Dlightbox%26settings%3DeyJpZCI6MTc3OCwidXJsIjoiaHR0cHM6XC9cL3d3dy5pbWtlcnZlcmVpbi1hdXJpY2guZGVcL3dwLWNvbnRlbnRcL3VwbG9hZHNcLzIwMjZcLzA0XC9JTUctMjAyNjAzMjItV0EwMDE3LmpwZyIsInNsaWRlc2hvdyI6IjAwOTJlYWYifQ%3D%3D\" href=\"https:\/\/www.imkerverein-aurich.de\/wp-content\/uploads\/2026\/04\/IMG-20260322-WA0017.jpg\"><figure class=\"swiper-slide-inner\"><img decoding=\"async\" class=\"swiper-slide-image\" src=\"https:\/\/www.imkerverein-aurich.de\/wp-content\/uploads\/2026\/04\/IMG-20260322-WA0017-150x150.jpg\" alt=\"IMG-20260322-WA0017\" \/><\/figure><\/a><\/div><div class=\"swiper-slide\" role=\"group\" aria-roledescription=\"slide\" aria-label=\"10 von 11\"><a data-elementor-open-lightbox=\"yes\" data-elementor-lightbox-slideshow=\"0092eaf\" data-elementor-lightbox-title=\"IMG-20260322-WA0013\" data-e-action-hash=\"#elementor-action%3Aaction%3Dlightbox%26settings%3DeyJpZCI6MTc3MywidXJsIjoiaHR0cHM6XC9cL3d3dy5pbWtlcnZlcmVpbi1hdXJpY2guZGVcL3dwLWNvbnRlbnRcL3VwbG9hZHNcLzIwMjZcLzA0XC9JTUctMjAyNjAzMjItV0EwMDEzLmpwZyIsInNsaWRlc2hvdyI6IjAwOTJlYWYifQ%3D%3D\" href=\"https:\/\/www.imkerverein-aurich.de\/wp-content\/uploads\/2026\/04\/IMG-20260322-WA0013.jpg\"><figure class=\"swiper-slide-inner\"><img decoding=\"async\" class=\"swiper-slide-image\" src=\"https:\/\/www.imkerverein-aurich.de\/wp-content\/uploads\/2026\/04\/IMG-20260322-WA0013-150x150.jpg\" alt=\"IMG-20260322-WA0013\" \/><\/figure><\/a><\/div><div class=\"swiper-slide\" role=\"group\" aria-roledescription=\"slide\" aria-label=\"11 von 11\"><a data-elementor-open-lightbox=\"yes\" data-elementor-lightbox-slideshow=\"0092eaf\" data-elementor-lightbox-title=\"IMG-20260322-WA0014\" data-e-action-hash=\"#elementor-action%3Aaction%3Dlightbox%26settings%3DeyJpZCI6MTc3NCwidXJsIjoiaHR0cHM6XC9cL3d3dy5pbWtlcnZlcmVpbi1hdXJpY2guZGVcL3dwLWNvbnRlbnRcL3VwbG9hZHNcLzIwMjZcLzA0XC9JTUctMjAyNjAzMjItV0EwMDE0LmpwZyIsInNsaWRlc2hvdyI6IjAwOTJlYWYifQ%3D%3D\" href=\"https:\/\/www.imkerverein-aurich.de\/wp-content\/uploads\/2026\/04\/IMG-20260322-WA0014.jpg\"><figure class=\"swiper-slide-inner\"><img decoding=\"async\" class=\"swiper-slide-image\" src=\"https:\/\/www.imkerverein-aurich.de\/wp-content\/uploads\/2026\/04\/IMG-20260322-WA0014-150x150.jpg\" alt=\"IMG-20260322-WA0014\" \/><\/figure><\/a><\/div>\t\t\t<\/div>\n\t\t\t\t\t\t\t\t\t\t\t\t<div class=\"elementor-swiper-button elementor-swiper-button-prev\" role=\"button\" tabindex=\"0\">\n\t\t\t\t\t\t<i aria-hidden=\"true\" class=\"eicon-chevron-left\"><\/i>\t\t\t\t\t<\/div>\n\t\t\t\t\t<div class=\"elementor-swiper-button elementor-swiper-button-next\" role=\"button\" tabindex=\"0\">\n\t\t\t\t\t\t<i aria-hidden=\"true\" class=\"eicon-chevron-right\"><\/i>\t\t\t\t\t<\/div>\n\t\t\t\t\n\t\t\t\t\t\t\t\t\t<div class=\"swiper-pagination\"><\/div>\n\t\t\t\t\t\t\t\t\t<\/div>\n\t\t\t\t\t\t<\/div>\n\t\t\t\t<\/div>\n\t\t\t\t\t<\/div>\n\t\t\t\t<\/div>\n\t\t\t\t<\/div>\n\t\t","protected":false},"excerpt":{"rendered":"<p>Stadt Aurich ruft zum Fr\u00fchjahrsputz auf&#8230; &#8230; und der Imkerverein Aurich beteiligte sich an der Fr\u00fchjahrsputzaktion. Am Samstag den 21.M\u00e4rz [&hellip;]<\/p>\n","protected":false},"author":3,"featured_media":0,"parent":0,"menu_order":0,"comment_status":"closed","ping_status":"closed","template":"","meta":{"site-sidebar-layout":"default","site-content-layout":"","ast-site-content-layout":"default","site-content-style":"default","site-sidebar-style":"default","ast-global-header-display":"","ast-banner-title-visibility":"","ast-main-header-display":"","ast-hfb-above-header-display":"","ast-hfb-below-header-display":"","ast-hfb-mobile-header-display":"","site-post-title":"disabled","ast-breadcrumbs-content":"","ast-featured-img":"","footer-sml-layout":"","theme-transparent-header-meta":"","adv-header-id-meta":"","stick-header-meta":"","header-above-stick-meta":"","header-main-stick-meta":"","header-below-stick-meta":"","astra-migrate-meta-layouts":"default","ast-page-background-enabled":"default","ast-page-background-meta":{"desktop":{"background-color":"var(--ast-global-color-5)","background-image":"","background-repeat":"repeat","background-position":"center center","background-size":"auto","background-attachment":"scroll","background-type":"","background-media":"","overlay-type":"","overlay-color":"","overlay-opacity":"","overlay-gradient":""},"tablet":{"background-color":"","background-image":"","background-repeat":"repeat","background-position":"center center","background-size":"auto","background-attachment":"scroll","background-type":"","background-media":"","overlay-type":"","overlay-color":"","overlay-opacity":"","overlay-gradient":""},"mobile":{"background-color":"","background-image":"","background-repeat":"repeat","background-position":"center center","background-size":"auto","background-attachment":"scroll","background-type":"","background-media":"","overlay-type":"","overlay-color":"","overlay-opacity":"","overlay-gradient":""}},"ast-content-background-meta":{"desktop":{"background-color":"var(--ast-global-color-4)","background-image":"","background-repeat":"repeat","background-position":"center center","background-size":"auto","background-attachment":"scroll","background-type":"","background-media":"","overlay-type":"","overlay-color":"","overlay-opacity":"","overlay-gradient":""},"tablet":{"background-color":"var(--ast-global-color-4)","background-image":"","background-repeat":"repeat","background-position":"center center","background-size":"auto","background-attachment":"scroll","background-type":"","background-media":"","overlay-type":"","overlay-color":"","overlay-opacity":"","overlay-gradient":""},"mobile":{"background-color":"var(--ast-global-color-4)","background-image":"","background-repeat":"repeat","background-position":"center center","background-size":"auto","background-attachment":"scroll","background-type":"","background-media":"","overlay-type":"","overlay-color":"","overlay-opacity":"","overlay-gradient":""}},"footnotes":""},"class_list":["post-1768","page","type-page","status-publish","hentry"],"_links":{"self":[{"href":"https:\/\/www.imkerverein-aurich.de\/index.php?rest_route=\/wp\/v2\/pages\/1768","targetHints":{"allow":["GET"]}}],"collection":[{"href":"https:\/\/www.imkerverein-aurich.de\/index.php?rest_route=\/wp\/v2\/pages"}],"about":[{"href":"https:\/\/www.imkerverein-aurich.de\/index.php?rest_route=\/wp\/v2\/types\/page"}],"author":[{"embeddable":true,"href":"https:\/\/www.imkerverein-aurich.de\/index.php?rest_route=\/wp\/v2\/users\/3"}],"replies":[{"embeddable":true,"href":"https:\/\/www.imkerverein-aurich.de\/index.php?rest_route=%2Fwp%2Fv2%2Fcomments&post=1768"}],"version-history":[{"count":16,"href":"https:\/\/www.imkerverein-aurich.de\/index.php?rest_route=\/wp\/v2\/pages\/1768\/revisions"}],"predecessor-version":[{"id":1802,"href":"https:\/\/www.imkerverein-aurich.de\/index.php?rest_route=\/wp\/v2\/pages\/1768\/revisions\/1802"}],"wp:attachment":[{"href":"https:\/\/www.imkerverein-aurich.de\/index.php?rest_route=%2Fwp%2Fv2%2Fmedia&parent=1768"}],"curies":[{"name":"wp","href":"https:\/\/api.w.org\/{rel}","templated":true}]}}