{"id":22,"date":"2021-06-04T09:10:51","date_gmt":"2021-06-04T09:10:51","guid":{"rendered":"http:\/\/wp.imkerverein-aurich.de\/?page_id=22"},"modified":"2025-05-20T17:24:32","modified_gmt":"2025-05-20T17:24:32","slug":"datenschutz","status":"publish","type":"page","link":"https:\/\/www.imkerverein-aurich.de\/?page_id=22","title":{"rendered":"DSGVO"},"content":{"rendered":"\n<pre class=\"wp-block-verse has-text-align-center\"><strong>Datenschutz &amp; Informationspflicht<\/strong><\/pre>\n\n\n\n<hr class=\"wp-block-separator has-css-opacity\"\/>\n\n\n\n<pre class=\"wp-block-verse\" style=\"font-size:14px\"><strong>DATENSCHUTZ<\/strong>\n\nDie Betreiber dieser Seiten nehmen den Schutz Ihrer pers\u00f6nlichen Daten sehr ernst. Wir behandeln Ihre personenbezogenen Daten vertraulich und entsprechend der gesetzlichen Datenschutzvorschriften sowie dieser Datenschutzerkl\u00e4rung.\nDie Nutzung unserer Webseite ist in der Regel ohne Angabe personenbezogener Daten m\u00f6glich. Soweit auf unseren Seiten personenbezogene Daten (beispielsweise Name, Anschrift oder E-Mail-Adressen) erhoben werden, erfolgt dies, soweit m\u00f6glich, stets auf freiwilliger Basis. Diese Daten werden ohne Ihre ausdr\u00fcckliche Zustimmung nicht an Dritte weitergegeben.\nWir weisen darauf hin, dass die Daten\u00fcbertragung im Internet (z.B. bei der Kommunikation per E-Mail) Sicherheitsl\u00fccken aufweisen kann. Ein l\u00fcckenloser Schutz der Daten vor dem Zugriff durch Dritte ist nicht m\u00f6glich.\n\n<strong>Cookies<\/strong>\nDie Internetseiten verwenden teilweise so genannte Cookies. Cookies richten auf Ihrem Rechner keinen Schaden an und enthalten keine Viren. Cookies dienen dazu, unser Angebot nutzerfreundlicher, effektiver und sicherer zu machen. Cookies sind kleine Textdateien, die auf Ihrem Rechner abgelegt werden und die Ihr Browser speichert.\nDie meisten der von uns verwendeten Cookies sind so genannte \u201eSession-Cookies\u201c. Sie werden nach Ende Ihres Besuchs automatisch gel\u00f6scht. Andere Cookies bleiben auf Ihrem Endger\u00e4t gespeichert, bis Sie diese l\u00f6schen. Diese Cookies erm\u00f6glichen es uns, Ihren Browser beim n\u00e4chsten Besuch wiederzuerkennen.\nSie k\u00f6nnen Ihren Browser so einstellen, dass Sie \u00fcber das Setzen von Cookies informiert werden und Cookies nur im Einzelfall erlauben, die Annahme von Cookies f\u00fcr bestimmte F\u00e4lle oder generell ausschlie\u00dfen sowie das automatische L\u00f6schen der Cookies beim Schlie\u00dfen des Browser aktivieren. Bei der Deaktivierung von Cookies kann die Funktionalit\u00e4t dieser Website eingeschr\u00e4nkt sein.\n\n<strong>Server-Log-Files<\/strong>\nDer Provider der Seiten erhebt und speichert automatisch Informationen in so genannten Server-Log Files, die Ihr Browser automatisch an uns \u00fcbermittelt. Dies sind:\n- Browsertyp\/ Browserversion\n- verwendetes Betriebssystem\n- Referrer URL\n- Hostname des zugreifenden Rechners\n- Uhrzeit der Serveranfrage\n\nDiese Daten sind nicht bestimmten Personen zuordenbar. Eine Zusammenf\u00fchrung dieser Daten mit anderen Datenquellen wird nicht vorgenommen. Wir behalten uns vor, diese Daten nachtr\u00e4glich zu pr\u00fcfen, wenn uns konkrete Anhaltspunkte f\u00fcr eine rechtswidrige Nutzung bekannt werden.<\/pre>\n\n\n\n<hr class=\"wp-block-separator has-css-opacity\"\/>\n\n\n\n<pre class=\"wp-block-verse\" style=\"font-size:14px\"><strong>INFORMATIONSPFLICHT<\/strong><br \/><br \/><strong>Information bei Erhebung von&nbsp;personenbezogenen Daten gem\u00e4\u00df Art. 13 DS-GVO<\/strong><br \/><br \/><strong>1.&nbsp; Name und Kontaktdaten des Verantwortlichen sowie gegebenenfalls seines Vertreters<\/strong><br \/>Verantwortlicher im Sinne des Art. 13 Abs. 1 lit. a) DS-GVO ist<br \/>&nbsp;<br \/>Name des Vereins: Imkerverein Aurich von 1886 e.V.<br \/>Vorstand:&nbsp;&nbsp;&nbsp;&nbsp;&nbsp;&nbsp;&nbsp;&nbsp;&nbsp;&nbsp;&nbsp;&nbsp;&nbsp;&nbsp;&nbsp; Jannes Fecht (1. Vorsitzender)<br \/>Anschrift:&nbsp; &nbsp; &nbsp; &nbsp; &nbsp; &nbsp; &nbsp; &nbsp; Ol Streek 16 \u2013 26607 Aurich <br \/>E-Mail:&nbsp;&nbsp;&nbsp;&nbsp;&nbsp;&nbsp;&nbsp;&nbsp;&nbsp;&nbsp;&nbsp;&nbsp;&nbsp;&nbsp;&nbsp;&nbsp;&nbsp;&nbsp;&nbsp;&nbsp;<a href=\"mailto:1.vorsitz@imkerverein-aurich.de\">1.vorsitz@imkerverein-aurich.de<\/a><br \/>&nbsp;<br \/><strong>2. Zwecke und Rechtsgrundlage der Verarbeitung<\/strong><br \/>Art. 6 Abs. 1 S. 1 lit. a) DS-GVO: Einwilligung der betroffenen Person<br \/>Art. 6 Abs. 1 S. 1 lit. b) DS-GVO: bei Datenverarbeitungen zur Erf\u00fcllung des Mitgliedsvertrags\/Satzung<br \/>Art. 6 Abs. 1 S. 1 lit. f) DS-GVO: bei Datenverarbeitungen zur Wahrung berechtigter Interessen des Vereins<br \/>&nbsp;<br \/>Der Imkerverein verarbeitet folgende personenbezogene Daten:<br \/>\u2022 Zum Zwecke der Mitgliederverwaltung werden der Name, Vorname, Geburtsdatum, Anschrift, Email-Adresse, Telefonnummer, Handynummer, V\u00f6lkerzahl, Standorte der V\u00f6lker, Verlustmeldungen, Bestellung von Arzneien und Teilnahme an Veranstaltungen gespeichert.<br \/>Die Rechtsgrundlage hierf\u00fcr ist Art. 6 Abs. 1 S. 1 lit. b) DS-GVO.<br \/>&nbsp;<br \/>\u2022 Zum Zwecke der Beitragsverwaltung wird die Bankverbindung verarbeitet<br \/>Die Rechtsgrundlage hierf\u00fcr ist Art. 6 Abs. 1 S. 1 lit. b) DS-GVO.<br \/>&nbsp;<br \/>\u2022 Zum Zwecke der Au\u00dfendarstellung werden Fotos der Mitglieder\/ G\u00e4ste von Veranstaltungen auf der Vereinswebseite&nbsp;<a href=\"http:\/\/www.imkerverein-aurich.de\/\">www.imkerverein-aurich.de<\/a>&nbsp;ver\u00f6ffentlicht.<br \/>Die Rechtsgrundlage hierf\u00fcr ist Art. 6 Abs. 1 S. 1 lit. a) DS-GVO.<br \/>&nbsp;<br \/>\u2022 Zum Zwecke der Information des Imkervereins werden Schreiben an die Anschrift und \/ oder E-Mail-Adresse der Mitglieder versendet.<br \/>Die Rechtsgrundlage hierf\u00fcr ist Art. 6 Abs. 1 S. 1 lit. f) DS-GVO.<br \/><br \/><br \/><strong>3. Empf\u00e4nger der personenbezogenen Daten<\/strong><br \/>Der Imkerverein \u00fcbermittelt Mitgliederlisten an den Landesverband der Imker Weser-Ems, an den DIB und an die Landwirtschaftskammer zwecks Durchf\u00fchrung von F\u00f6rderantr\u00e4gen und von Verbandsaufgaben, an Geade und Glauerdt zwecks Versicherungsorganisation und Mitgliederverwaltung. Daten werden auch an das Kreisveterin\u00e4ramt versandt. Der Landesverband leitet ebenfalls Daten an die Landwirtschaftskammer, den Deutschen Imkerbund, die Versicherung Gaede und Glauerdt sowie an den DIB weiter. \u00dcbermittelt werden dabei jeweils Name, Adresse, Kontaktdaten und V\u00f6lkerzahl.<br \/>Als Mitglied des Landesverbandes der Imker Weser-Ems und des Kreisverbandes Aurich ist der Verein verpflichtet, seine Mitglieder an die Verb\u00e4nde zu melden.<br \/>Bei Mitgliedern mit besonderen Aufgaben (z.B. Vorstandsmitglieder) wird zus\u00e4tzlich die Bezeichnung ihrer Funktion im Verein \u00fcbermittelt.<br \/>&nbsp;<br \/><strong>4. Speicherdauer<\/strong><br \/>Die f\u00fcr die Mitgliederverwaltung notwendigen Daten werden 5 Jahre nach Beendigung der Mitgliedschaft gel\u00f6scht. Daten, die aus vereins-\/ verbandshistorischen zwecken von Interesse sind bleiben archiviert, soweit nicht ein rechtlich verbindlicher konkreter Widerspruch erfolgt.<br \/>&nbsp;<br \/>Die IP-Adressen, die beim Besuch der Vereinswebseite gespeichert werden, werden entsprechend den gesetzlichen Grundlagen gel\u00f6scht.<br \/><br \/><strong>5. Betroffenenrechte<\/strong><br \/>Dem Vereinsmitglied steht ein Recht auf Auskunft (Art. 15 DS-GVO) sowie ein Recht auf Berichtigung (Art. 16 DS-GVO) oder L\u00f6schung (Art. 17 DS-GVO) oder auf Einschr\u00e4nkung der Verarbeitung<br \/>(Art. 18 DS-GVO) oder ein Recht auf Widerspruch gegen die Verarbeitung (Art. 21 DS-GVO) sowie<br \/>ein Recht auf Daten\u00fcbertragbarkeit (Art. 20 DS-GVO) zu.<br \/>Das Vereinsmitglied hat das Recht, seine datenschutzrechtliche Einwilligungserkl\u00e4rung jederzeit zu<br \/>widerrufen. Durch den Widerruf der Einwilligung wird die Rechtm\u00e4\u00dfigkeit der aufgrund der Einwilligung bis zum Widerruf erfolgten Verarbeitung nicht ber\u00fchrt.<br \/>Dem Vereinsmitglied steht ferner ein Beschwerderecht bei einer Datenschutz-Aufsichtsbeh\u00f6rde zu.<br \/>&nbsp;<br \/>Ende der Informationspflicht<\/pre>\n","protected":false},"excerpt":{"rendered":"<p>Datenschutz &amp; Informationspflicht DATENSCHUTZ Die Betreiber dieser Seiten nehmen den Schutz Ihrer pers\u00f6nlichen Daten sehr ernst. Wir behandeln Ihre personenbezogenen [&hellip;]<\/p>\n","protected":false},"author":1,"featured_media":0,"parent":0,"menu_order":0,"comment_status":"closed","ping_status":"closed","template":"","meta":{"site-sidebar-layout":"default","site-content-layout":"","ast-site-content-layout":"default","site-content-style":"default","site-sidebar-style":"default","ast-global-header-display":"","ast-banner-title-visibility":"","ast-main-header-display":"","ast-hfb-above-header-display":"","ast-hfb-below-header-display":"","ast-hfb-mobile-header-display":"","site-post-title":"","ast-breadcrumbs-content":"","ast-featured-img":"","footer-sml-layout":"","theme-transparent-header-meta":"","adv-header-id-meta":"","stick-header-meta":"","header-above-stick-meta":"","header-main-stick-meta":"","header-below-stick-meta":"","astra-migrate-meta-layouts":"default","ast-page-background-enabled":"default","ast-page-background-meta":{"desktop":{"background-color":"var(--ast-global-color-5)","background-image":"","background-repeat":"repeat","background-position":"center center","background-size":"auto","background-attachment":"scroll","background-type":"","background-media":"","overlay-type":"","overlay-color":"","overlay-opacity":"","overlay-gradient":""},"tablet":{"background-color":"","background-image":"","background-repeat":"repeat","background-position":"center center","background-size":"auto","background-attachment":"scroll","background-type":"","background-media":"","overlay-type":"","overlay-color":"","overlay-opacity":"","overlay-gradient":""},"mobile":{"background-color":"","background-image":"","background-repeat":"repeat","background-position":"center center","background-size":"auto","background-attachment":"scroll","background-type":"","background-media":"","overlay-type":"","overlay-color":"","overlay-opacity":"","overlay-gradient":""}},"ast-content-background-meta":{"desktop":{"background-color":"var(--ast-global-color-4)","background-image":"","background-repeat":"repeat","background-position":"center center","background-size":"auto","background-attachment":"scroll","background-type":"","background-media":"","overlay-type":"","overlay-color":"","overlay-opacity":"","overlay-gradient":""},"tablet":{"background-color":"var(--ast-global-color-4)","background-image":"","background-repeat":"repeat","background-position":"center center","background-size":"auto","background-attachment":"scroll","background-type":"","background-media":"","overlay-type":"","overlay-color":"","overlay-opacity":"","overlay-gradient":""},"mobile":{"background-color":"var(--ast-global-color-4)","background-image":"","background-repeat":"repeat","background-position":"center center","background-size":"auto","background-attachment":"scroll","background-type":"","background-media":"","overlay-type":"","overlay-color":"","overlay-opacity":"","overlay-gradient":""}},"footnotes":""},"class_list":["post-22","page","type-page","status-publish","hentry"],"_links":{"self":[{"href":"https:\/\/www.imkerverein-aurich.de\/index.php?rest_route=\/wp\/v2\/pages\/22","targetHints":{"allow":["GET"]}}],"collection":[{"href":"https:\/\/www.imkerverein-aurich.de\/index.php?rest_route=\/wp\/v2\/pages"}],"about":[{"href":"https:\/\/www.imkerverein-aurich.de\/index.php?rest_route=\/wp\/v2\/types\/page"}],"author":[{"embeddable":true,"href":"https:\/\/www.imkerverein-aurich.de\/index.php?rest_route=\/wp\/v2\/users\/1"}],"replies":[{"embeddable":true,"href":"https:\/\/www.imkerverein-aurich.de\/index.php?rest_route=%2Fwp%2Fv2%2Fcomments&post=22"}],"version-history":[{"count":8,"href":"https:\/\/www.imkerverein-aurich.de\/index.php?rest_route=\/wp\/v2\/pages\/22\/revisions"}],"predecessor-version":[{"id":556,"href":"https:\/\/www.imkerverein-aurich.de\/index.php?rest_route=\/wp\/v2\/pages\/22\/revisions\/556"}],"wp:attachment":[{"href":"https:\/\/www.imkerverein-aurich.de\/index.php?rest_route=%2Fwp%2Fv2%2Fmedia&parent=22"}],"curies":[{"name":"wp","href":"https:\/\/api.w.org\/{rel}","templated":true}]}}

<pre class="wp-block-verse has-text-align-center"><strong>Datenschutz &amp; Informationspflicht</strong></pre>



<hr class="wp-block-separator has-css-opacity"/>



<pre class="wp-block-verse" style="font-size:14px"><strong>DATENSCHUTZ</strong>

Die Betreiber dieser Seiten nehmen den Schutz Ihrer persönlichen Daten sehr ernst. Wir behandeln Ihre personenbezogenen Daten vertraulich und entsprechend der gesetzlichen Datenschutzvorschriften sowie dieser Datenschutzerklärung.
Die Nutzung unserer Webseite ist in der Regel ohne Angabe personenbezogener Daten möglich. Soweit auf unseren Seiten personenbezogene Daten (beispielsweise Name, Anschrift oder E-Mail-Adressen) erhoben werden, erfolgt dies, soweit möglich, stets auf freiwilliger Basis. Diese Daten werden ohne Ihre ausdrückliche Zustimmung nicht an Dritte weitergegeben.
Wir weisen darauf hin, dass die Datenübertragung im Internet (z.B. bei der Kommunikation per E-Mail) Sicherheitslücken aufweisen kann. Ein lückenloser Schutz der Daten vor dem Zugriff durch Dritte ist nicht möglich.

<strong>Cookies</strong>
Die Internetseiten verwenden teilweise so genannte Cookies. Cookies richten auf Ihrem Rechner keinen Schaden an und enthalten keine Viren. Cookies dienen dazu, unser Angebot nutzerfreundlicher, effektiver und sicherer zu machen. Cookies sind kleine Textdateien, die auf Ihrem Rechner abgelegt werden und die Ihr Browser speichert.
Die meisten der von uns verwendeten Cookies sind so genannte „Session-Cookies“. Sie werden nach Ende Ihres Besuchs automatisch gelöscht. Andere Cookies bleiben auf Ihrem Endgerät gespeichert, bis Sie diese löschen. Diese Cookies ermöglichen es uns, Ihren Browser beim nächsten Besuch wiederzuerkennen.
Sie können Ihren Browser so einstellen, dass Sie über das Setzen von Cookies informiert werden und Cookies nur im Einzelfall erlauben, die Annahme von Cookies für bestimmte Fälle oder generell ausschließen sowie das automatische Löschen der Cookies beim Schließen des Browser aktivieren. Bei der Deaktivierung von Cookies kann die Funktionalität dieser Website eingeschränkt sein.

<strong>Server-Log-Files</strong>
Der Provider der Seiten erhebt und speichert automatisch Informationen in so genannten Server-Log Files, die Ihr Browser automatisch an uns übermittelt. Dies sind:
- Browsertyp/ Browserversion
- verwendetes Betriebssystem
- Referrer URL
- Hostname des zugreifenden Rechners
- Uhrzeit der Serveranfrage

Diese Daten sind nicht bestimmten Personen zuordenbar. Eine Zusammenführung dieser Daten mit anderen Datenquellen wird nicht vorgenommen. Wir behalten uns vor, diese Daten nachträglich zu prüfen, wenn uns konkrete Anhaltspunkte für eine rechtswidrige Nutzung bekannt werden.</pre>



<hr class="wp-block-separator has-css-opacity"/>



<pre class="wp-block-verse" style="font-size:14px"><strong>INFORMATIONSPFLICHT</strong><br /><br /><strong>Information bei Erhebung von&nbsp;personenbezogenen Daten gemäß Art. 13 DS-GVO</strong><br /><br /><strong>1.&nbsp; Name und Kontaktdaten des Verantwortlichen sowie gegebenenfalls seines Vertreters</strong><br />Verantwortlicher im Sinne des Art. 13 Abs. 1 lit. a) DS-GVO ist<br />&nbsp;<br />Name des Vereins: Imkerverein Aurich von 1886 e.V.<br />Vorstand:&nbsp;&nbsp;&nbsp;&nbsp;&nbsp;&nbsp;&nbsp;&nbsp;&nbsp;&nbsp;&nbsp;&nbsp;&nbsp;&nbsp;&nbsp; Jannes Fecht (1. Vorsitzender)<br />Anschrift:&nbsp; &nbsp; &nbsp; &nbsp; &nbsp; &nbsp; &nbsp; &nbsp; Ol Streek 16 – 26607 Aurich <br />E-Mail:&nbsp;&nbsp;&nbsp;&nbsp;&nbsp;&nbsp;&nbsp;&nbsp;&nbsp;&nbsp;&nbsp;&nbsp;&nbsp;&nbsp;&nbsp;&nbsp;&nbsp;&nbsp;&nbsp;&nbsp;<a href="mailto:1.vorsitz@imkerverein-aurich.de">1.vorsitz@imkerverein-aurich.de</a><br />&nbsp;<br /><strong>2. Zwecke und Rechtsgrundlage der Verarbeitung</strong><br />Art. 6 Abs. 1 S. 1 lit. a) DS-GVO: Einwilligung der betroffenen Person<br />Art. 6 Abs. 1 S. 1 lit. b) DS-GVO: bei Datenverarbeitungen zur Erfüllung des Mitgliedsvertrags/Satzung<br />Art. 6 Abs. 1 S. 1 lit. f) DS-GVO: bei Datenverarbeitungen zur Wahrung berechtigter Interessen des Vereins<br />&nbsp;<br />Der Imkerverein verarbeitet folgende personenbezogene Daten:<br />• Zum Zwecke der Mitgliederverwaltung werden der Name, Vorname, Geburtsdatum, Anschrift, Email-Adresse, Telefonnummer, Handynummer, Völkerzahl, Standorte der Völker, Verlustmeldungen, Bestellung von Arzneien und Teilnahme an Veranstaltungen gespeichert.<br />Die Rechtsgrundlage hierfür ist Art. 6 Abs. 1 S. 1 lit. b) DS-GVO.<br />&nbsp;<br />• Zum Zwecke der Beitragsverwaltung wird die Bankverbindung verarbeitet<br />Die Rechtsgrundlage hierfür ist Art. 6 Abs. 1 S. 1 lit. b) DS-GVO.<br />&nbsp;<br />• Zum Zwecke der Außendarstellung werden Fotos der Mitglieder/ Gäste von Veranstaltungen auf der Vereinswebseite&nbsp;<a href="http://www.imkerverein-aurich.de/">www.imkerverein-aurich.de</a>&nbsp;veröffentlicht.<br />Die Rechtsgrundlage hierfür ist Art. 6 Abs. 1 S. 1 lit. a) DS-GVO.<br />&nbsp;<br />• Zum Zwecke der Information des Imkervereins werden Schreiben an die Anschrift und / oder E-Mail-Adresse der Mitglieder versendet.<br />Die Rechtsgrundlage hierfür ist Art. 6 Abs. 1 S. 1 lit. f) DS-GVO.<br /><br /><br /><strong>3. Empfänger der personenbezogenen Daten</strong><br />Der Imkerverein übermittelt Mitgliederlisten an den Landesverband der Imker Weser-Ems, an den DIB und an die Landwirtschaftskammer zwecks Durchführung von Förderanträgen und von Verbandsaufgaben, an Geade und Glauerdt zwecks Versicherungsorganisation und Mitgliederverwaltung. Daten werden auch an das Kreisveterinäramt versandt. Der Landesverband leitet ebenfalls Daten an die Landwirtschaftskammer, den Deutschen Imkerbund, die Versicherung Gaede und Glauerdt sowie an den DIB weiter. Übermittelt werden dabei jeweils Name, Adresse, Kontaktdaten und Völkerzahl.<br />Als Mitglied des Landesverbandes der Imker Weser-Ems und des Kreisverbandes Aurich ist der Verein verpflichtet, seine Mitglieder an die Verbände zu melden.<br />Bei Mitgliedern mit besonderen Aufgaben (z.B. Vorstandsmitglieder) wird zusätzlich die Bezeichnung ihrer Funktion im Verein übermittelt.<br />&nbsp;<br /><strong>4. Speicherdauer</strong><br />Die für die Mitgliederverwaltung notwendigen Daten werden 5 Jahre nach Beendigung der Mitgliedschaft gelöscht. Daten, die aus vereins-/ verbandshistorischen zwecken von Interesse sind bleiben archiviert, soweit nicht ein rechtlich verbindlicher konkreter Widerspruch erfolgt.<br />&nbsp;<br />Die IP-Adressen, die beim Besuch der Vereinswebseite gespeichert werden, werden entsprechend den gesetzlichen Grundlagen gelöscht.<br /><br /><strong>5. Betroffenenrechte</strong><br />Dem Vereinsmitglied steht ein Recht auf Auskunft (Art. 15 DS-GVO) sowie ein Recht auf Berichtigung (Art. 16 DS-GVO) oder Löschung (Art. 17 DS-GVO) oder auf Einschränkung der Verarbeitung<br />(Art. 18 DS-GVO) oder ein Recht auf Widerspruch gegen die Verarbeitung (Art. 21 DS-GVO) sowie<br />ein Recht auf Datenübertragbarkeit (Art. 20 DS-GVO) zu.<br />Das Vereinsmitglied hat das Recht, seine datenschutzrechtliche Einwilligungserklärung jederzeit zu<br />widerrufen. Durch den Widerruf der Einwilligung wird die Rechtmäßigkeit der aufgrund der Einwilligung bis zum Widerruf erfolgten Verarbeitung nicht berührt.<br />Dem Vereinsmitglied steht ferner ein Beschwerderecht bei einer Datenschutz-Aufsichtsbehörde zu.<br />&nbsp;<br />Ende der Informationspflicht</pre>

<p>Datenschutz &amp; Informationspflicht DATENSCHUTZ Die Betreiber dieser Seiten nehmen den Schutz Ihrer persönlichen Daten sehr ernst. Wir behandeln Ihre personenbezogenen [&hellip;]</p>
