{"id":592,"date":"2025-09-12T09:15:21","date_gmt":"2025-09-12T09:15:21","guid":{"rendered":"https:\/\/www.imkerverein-aurich.de\/?page_id=592"},"modified":"2026-04-20T16:16:43","modified_gmt":"2026-04-20T16:16:43","slug":"bildergalarie","status":"publish","type":"page","link":"https:\/\/www.imkerverein-aurich.de\/?page_id=592","title":{"rendered":"Bildergalarie"},"content":{"rendered":"\t\t<div data-elementor-type=\"wp-page\" data-elementor-id=\"592\" class=\"elementor elementor-592\">\n\t\t\t\t<div class=\"elementor-element elementor-element-f733bb8 e-flex e-con-boxed e-con e-parent\" data-id=\"f733bb8\" data-element_type=\"container\" data-e-type=\"container\">\n\t\t\t\t\t<div class=\"e-con-inner\">\n\t\t\t\t<div class=\"elementor-element elementor-element-5982c9c elementor-widget elementor-widget-heading\" data-id=\"5982c9c\" data-element_type=\"widget\" data-e-type=\"widget\" data-widget_type=\"heading.default\">\n\t\t\t\t<div class=\"elementor-widget-container\">\n\t\t\t\t\t<h2 class=\"elementor-heading-title elementor-size-default\">Veranstaltungen 2026<\/h2>\t\t\t\t<\/div>\n\t\t\t\t<\/div>\n\t\t\t\t\t<\/div>\n\t\t\t\t<\/div>\n\t\t<div class=\"elementor-element elementor-element-328fd6b e-flex e-con-boxed e-con e-parent\" data-id=\"328fd6b\" data-element_type=\"container\" data-e-type=\"container\">\n\t\t\t\t\t<div class=\"e-con-inner\">\n\t\t<div class=\"elementor-element elementor-element-dfeff2b e-grid e-con-full e-con e-child\" data-id=\"dfeff2b\" data-element_type=\"container\" data-e-type=\"container\">\n\t\t\t\t<div class=\"elementor-element elementor-element-070cb55 elementor-position-left elementor-vertical-align-middle elementor-widget elementor-widget-image-box\" data-id=\"070cb55\" data-element_type=\"widget\" data-e-type=\"widget\" data-widget_type=\"image-box.default\">\n\t\t\t\t<div class=\"elementor-widget-container\">\n\t\t\t\t\t<div class=\"elementor-image-box-wrapper\"><figure class=\"elementor-image-box-img\"><a href=\"https:\/\/www.imkerverein-aurich.de\/?page_id=1681\" tabindex=\"-1\"><img fetchpriority=\"high\" decoding=\"async\" width=\"2000\" height=\"1500\" src=\"https:\/\/www.imkerverein-aurich.de\/wp-content\/uploads\/2026\/02\/WhatsApp-Image-2026-01-31-at-17.20.18.jpeg\" class=\"attachment-full size-full wp-image-1687\" alt=\"\" srcset=\"https:\/\/www.imkerverein-aurich.de\/wp-content\/uploads\/2026\/02\/WhatsApp-Image-2026-01-31-at-17.20.18.jpeg 2000w, https:\/\/www.imkerverein-aurich.de\/wp-content\/uploads\/2026\/02\/WhatsApp-Image-2026-01-31-at-17.20.18-300x225.jpeg 300w, https:\/\/www.imkerverein-aurich.de\/wp-content\/uploads\/2026\/02\/WhatsApp-Image-2026-01-31-at-17.20.18-1024x768.jpeg 1024w, https:\/\/www.imkerverein-aurich.de\/wp-content\/uploads\/2026\/02\/WhatsApp-Image-2026-01-31-at-17.20.18-768x576.jpeg 768w, https:\/\/www.imkerverein-aurich.de\/wp-content\/uploads\/2026\/02\/WhatsApp-Image-2026-01-31-at-17.20.18-1536x1152.jpeg 1536w\" sizes=\"(max-width: 2000px) 100vw, 2000px\" \/><\/a><\/figure><div class=\"elementor-image-box-content\"><h4 class=\"elementor-image-box-title\"><a href=\"https:\/\/www.imkerverein-aurich.de\/?page_id=1681\">Treffen der Ostf. Imkervereine<\/a><\/h4><p class=\"elementor-image-box-description\">Anfang 2026 waren wir eingeladen zum Ostfriesischen Imkertreffen in Idafehn.<\/p><\/div><\/div>\t\t\t\t<\/div>\n\t\t\t\t<\/div>\n\t\t\t\t<div class=\"elementor-element elementor-element-590f896 elementor-position-right elementor-vertical-align-middle elementor-widget elementor-widget-image-box\" data-id=\"590f896\" data-element_type=\"widget\" data-e-type=\"widget\" data-widget_type=\"image-box.default\">\n\t\t\t\t<div class=\"elementor-widget-container\">\n\t\t\t\t\t<div class=\"elementor-image-box-wrapper\"><figure class=\"elementor-image-box-img\"><a href=\"https:\/\/www.imkerverein-aurich.de\/?page_id=1768\" tabindex=\"-1\"><img decoding=\"async\" width=\"150\" height=\"150\" src=\"https:\/\/www.imkerverein-aurich.de\/wp-content\/uploads\/2026\/04\/IMG-20260322-WA0016-1-150x150.jpg\" class=\"attachment-thumbnail size-thumbnail wp-image-1791\" alt=\"\" \/><\/a><\/figure><div class=\"elementor-image-box-content\"><h4 class=\"elementor-image-box-title\"><a href=\"https:\/\/www.imkerverein-aurich.de\/?page_id=1768\">Stadt Aurich Fr\u00fchjahrsputz<\/a><\/h4><p class=\"elementor-image-box-description\">Am Samstag den 21.M\u00e4rz trafen sich vierzehn Mitglieder des Imkervereins sowie einige G\u00e4ste zur traditionellen Fr\u00fchjahrsputzaktion der Stadt Aurich.<\/p><\/div><\/div>\t\t\t\t<\/div>\n\t\t\t\t<\/div>\n\t\t\t\t<\/div>\n\t\t\t\t\t<\/div>\n\t\t\t\t<\/div>\n\t\t<div class=\"elementor-element elementor-element-05c01c6 e-flex e-con-boxed e-con e-parent\" data-id=\"05c01c6\" data-element_type=\"container\" data-e-type=\"container\">\n\t\t\t\t\t<div class=\"e-con-inner\">\n\t\t\t\t<div class=\"elementor-element elementor-element-fbbac49 elementor-widget elementor-widget-heading\" data-id=\"fbbac49\" data-element_type=\"widget\" data-e-type=\"widget\" data-widget_type=\"heading.default\">\n\t\t\t\t<div class=\"elementor-widget-container\">\n\t\t\t\t\t<h2 class=\"elementor-heading-title elementor-size-default\">Veranstaltungen 2025<\/h2>\t\t\t\t<\/div>\n\t\t\t\t<\/div>\n\t\t\t\t\t<\/div>\n\t\t\t\t<\/div>\n\t\t<div class=\"elementor-element elementor-element-33aea33 e-flex e-con-boxed e-con e-parent\" data-id=\"33aea33\" data-element_type=\"container\" data-e-type=\"container\">\n\t\t\t\t\t<div class=\"e-con-inner\">\n\t\t<div class=\"elementor-element elementor-element-d8838f6 e-grid e-con-full e-con e-child\" data-id=\"d8838f6\" data-element_type=\"container\" data-e-type=\"container\">\n\t\t\t\t<div class=\"elementor-element elementor-element-4640f86 elementor-position-left elementor-vertical-align-middle elementor-widget elementor-widget-image-box\" data-id=\"4640f86\" data-element_type=\"widget\" data-e-type=\"widget\" data-widget_type=\"image-box.default\">\n\t\t\t\t<div class=\"elementor-widget-container\">\n\t\t\t\t\t<div class=\"elementor-image-box-wrapper\"><figure class=\"elementor-image-box-img\"><a href=\"https:\/\/www.imkerverein-aurich.de\/?page_id=575\" tabindex=\"-1\"><img decoding=\"async\" width=\"864\" height=\"1232\" src=\"https:\/\/www.imkerverein-aurich.de\/wp-content\/uploads\/2025\/09\/IMG-20250907-WA0000.jpg\" class=\"attachment-full size-full wp-image-576\" alt=\"\" srcset=\"https:\/\/www.imkerverein-aurich.de\/wp-content\/uploads\/2025\/09\/IMG-20250907-WA0000.jpg 864w, https:\/\/www.imkerverein-aurich.de\/wp-content\/uploads\/2025\/09\/IMG-20250907-WA0000-210x300.jpg 210w, https:\/\/www.imkerverein-aurich.de\/wp-content\/uploads\/2025\/09\/IMG-20250907-WA0000-718x1024.jpg 718w, https:\/\/www.imkerverein-aurich.de\/wp-content\/uploads\/2025\/09\/IMG-20250907-WA0000-768x1095.jpg 768w, https:\/\/www.imkerverein-aurich.de\/wp-content\/uploads\/2025\/09\/IMG-20250907-WA0000-105x150.jpg 105w\" sizes=\"(max-width: 864px) 100vw, 864px\" \/><\/a><\/figure><div class=\"elementor-image-box-content\"><h4 class=\"elementor-image-box-title\"><a href=\"https:\/\/www.imkerverein-aurich.de\/?page_id=575\">Bienen- &amp; Insektentag<\/a><\/h4><p class=\"elementor-image-box-description\">Wir waren dieses Jahr auch wieder mit unserem Stand beim Erntefest Aurich auf dem Marktplatz am am 07. Sep. 2025 vertreten.<\/p><\/div><\/div>\t\t\t\t<\/div>\n\t\t\t\t<\/div>\n\t\t\t\t<div class=\"elementor-element elementor-element-31ecf35 elementor-position-right elementor-vertical-align-middle elementor-widget elementor-widget-image-box\" data-id=\"31ecf35\" data-element_type=\"widget\" data-e-type=\"widget\" data-widget_type=\"image-box.default\">\n\t\t\t\t<div class=\"elementor-widget-container\">\n\t\t\t\t\t<div class=\"elementor-image-box-wrapper\"><figure class=\"elementor-image-box-img\"><a href=\"https:\/\/www.imkerverein-aurich.de\/?page_id=605\" tabindex=\"-1\"><img loading=\"lazy\" decoding=\"async\" width=\"1078\" height=\"1078\" src=\"https:\/\/www.imkerverein-aurich.de\/wp-content\/uploads\/2025\/09\/2025-Erntefest.png\" class=\"attachment-full size-full wp-image-600\" alt=\"\" srcset=\"https:\/\/www.imkerverein-aurich.de\/wp-content\/uploads\/2025\/09\/2025-Erntefest.png 1078w, https:\/\/www.imkerverein-aurich.de\/wp-content\/uploads\/2025\/09\/2025-Erntefest-300x300.png 300w, https:\/\/www.imkerverein-aurich.de\/wp-content\/uploads\/2025\/09\/2025-Erntefest-1024x1024.png 1024w, https:\/\/www.imkerverein-aurich.de\/wp-content\/uploads\/2025\/09\/2025-Erntefest-150x150.png 150w, https:\/\/www.imkerverein-aurich.de\/wp-content\/uploads\/2025\/09\/2025-Erntefest-768x768.png 768w\" sizes=\"(max-width: 1078px) 100vw, 1078px\" \/><\/a><\/figure><div class=\"elementor-image-box-content\"><h4 class=\"elementor-image-box-title\"><a href=\"https:\/\/www.imkerverein-aurich.de\/?page_id=605\">Erntefest Aurich<\/a><\/h4><p class=\"elementor-image-box-description\">Wir waren dieses Jahr auch wieder mit unserem Stand beim Erntefest Aurich auf dem Marktplatz am 18. Sep. 2025 vertreten.<\/p><\/div><\/div>\t\t\t\t<\/div>\n\t\t\t\t<\/div>\n\t\t\t\t<div class=\"elementor-element elementor-element-546d3d8 elementor-position-left elementor-vertical-align-middle elementor-widget elementor-widget-image-box\" data-id=\"546d3d8\" data-element_type=\"widget\" data-e-type=\"widget\" data-widget_type=\"image-box.default\">\n\t\t\t\t<div class=\"elementor-widget-container\">\n\t\t\t\t\t<div class=\"elementor-image-box-wrapper\"><figure class=\"elementor-image-box-img\"><a href=\"https:\/\/www.imkerverein-aurich.de\/?page_id=535\" tabindex=\"-1\"><img loading=\"lazy\" decoding=\"async\" width=\"2560\" height=\"1920\" src=\"https:\/\/www.imkerverein-aurich.de\/wp-content\/uploads\/2025\/12\/20250926_195818-scaled.jpg\" class=\"attachment-full size-full wp-image-747\" alt=\"\" srcset=\"https:\/\/www.imkerverein-aurich.de\/wp-content\/uploads\/2025\/12\/20250926_195818-scaled.jpg 2560w, https:\/\/www.imkerverein-aurich.de\/wp-content\/uploads\/2025\/12\/20250926_195818-300x225.jpg 300w, https:\/\/www.imkerverein-aurich.de\/wp-content\/uploads\/2025\/12\/20250926_195818-1024x768.jpg 1024w, https:\/\/www.imkerverein-aurich.de\/wp-content\/uploads\/2025\/12\/20250926_195818-768x576.jpg 768w, https:\/\/www.imkerverein-aurich.de\/wp-content\/uploads\/2025\/12\/20250926_195818-1536x1152.jpg 1536w, https:\/\/www.imkerverein-aurich.de\/wp-content\/uploads\/2025\/12\/20250926_195818-2048x1536.jpg 2048w, https:\/\/www.imkerverein-aurich.de\/wp-content\/uploads\/2025\/12\/20250926_195818-200x150.jpg 200w\" sizes=\"(max-width: 2560px) 100vw, 2560px\" \/><\/a><\/figure><div class=\"elementor-image-box-content\"><h4 class=\"elementor-image-box-title\"><a href=\"https:\/\/www.imkerverein-aurich.de\/?page_id=535\">Sommerfest<\/a><\/h4><p class=\"elementor-image-box-description\">Sommerfest am 26.09.2025 im im Vereinslokal \"Zum Sandkrug\"<\/p><\/div><\/div>\t\t\t\t<\/div>\n\t\t\t\t<\/div>\n\t\t\t\t<div class=\"elementor-element elementor-element-ca8cbc2 elementor-position-right elementor-vertical-align-middle elementor-widget elementor-widget-image-box\" data-id=\"ca8cbc2\" data-element_type=\"widget\" data-e-type=\"widget\" data-widget_type=\"image-box.default\">\n\t\t\t\t<div class=\"elementor-widget-container\">\n\t\t\t\t\t<div class=\"elementor-image-box-wrapper\"><figure class=\"elementor-image-box-img\"><a href=\"https:\/\/www.imkerverein-aurich.de\/?page_id=638\" tabindex=\"-1\"><img loading=\"lazy\" decoding=\"async\" width=\"2560\" height=\"1920\" src=\"https:\/\/www.imkerverein-aurich.de\/wp-content\/uploads\/2025\/11\/photocollage_2025111918203977-scaled.jpg\" class=\"attachment-full size-full wp-image-648\" alt=\"\" srcset=\"https:\/\/www.imkerverein-aurich.de\/wp-content\/uploads\/2025\/11\/photocollage_2025111918203977-scaled.jpg 2560w, https:\/\/www.imkerverein-aurich.de\/wp-content\/uploads\/2025\/11\/photocollage_2025111918203977-300x225.jpg 300w, https:\/\/www.imkerverein-aurich.de\/wp-content\/uploads\/2025\/11\/photocollage_2025111918203977-1024x768.jpg 1024w, https:\/\/www.imkerverein-aurich.de\/wp-content\/uploads\/2025\/11\/photocollage_2025111918203977-768x576.jpg 768w, https:\/\/www.imkerverein-aurich.de\/wp-content\/uploads\/2025\/11\/photocollage_2025111918203977-1536x1152.jpg 1536w, https:\/\/www.imkerverein-aurich.de\/wp-content\/uploads\/2025\/11\/photocollage_2025111918203977-2048x1536.jpg 2048w, https:\/\/www.imkerverein-aurich.de\/wp-content\/uploads\/2025\/11\/photocollage_2025111918203977-200x150.jpg 200w\" sizes=\"(max-width: 2560px) 100vw, 2560px\" \/><\/a><\/figure><div class=\"elementor-image-box-content\"><h4 class=\"elementor-image-box-title\"><a href=\"https:\/\/www.imkerverein-aurich.de\/?page_id=638\">Reinigungstag 2025<\/a><\/h4><p class=\"elementor-image-box-description\">Am Samstag, den 15. November trafen sich Imkerkolleginnen und -kollegen zum j\u00e4hrlichen Reinigungstag.<\/p><\/div><\/div>\t\t\t\t<\/div>\n\t\t\t\t<\/div>\n\t\t\t\t<\/div>\n\t\t\t\t\t<\/div>\n\t\t\t\t<\/div>\n\t\t<div class=\"elementor-element elementor-element-f4aee97 e-flex e-con-boxed e-con e-parent\" data-id=\"f4aee97\" data-element_type=\"container\" data-e-type=\"container\">\n\t\t\t\t\t<div class=\"e-con-inner\">\n\t\t\t\t\t<\/div>\n\t\t\t\t<\/div>\n\t\t\t\t<\/div>\n\t\t","protected":false},"excerpt":{"rendered":"<p>Veranstaltungen 2026 Treffen der Ostf. Imkervereine Anfang 2026 waren wir eingeladen zum Ostfriesischen Imkertreffen in Idafehn. Stadt Aurich Fr\u00fchjahrsputz Am [&hellip;]<\/p>\n","protected":false},"author":1,"featured_media":0,"parent":0,"menu_order":0,"comment_status":"closed","ping_status":"closed","template":"","meta":{"site-sidebar-layout":"no-sidebar","site-content-layout":"","ast-site-content-layout":"full-width-container","site-content-style":"default","site-sidebar-style":"default","ast-global-header-display":"","ast-banner-title-visibility":"","ast-main-header-display":"","ast-hfb-above-header-display":"","ast-hfb-below-header-display":"","ast-hfb-mobile-header-display":"","site-post-title":"disabled","ast-breadcrumbs-content":"","ast-featured-img":"disabled","footer-sml-layout":"","theme-transparent-header-meta":"","adv-header-id-meta":"","stick-header-meta":"","header-above-stick-meta":"","header-main-stick-meta":"","header-below-stick-meta":"","astra-migrate-meta-layouts":"default","ast-page-background-enabled":"default","ast-page-background-meta":{"desktop":{"background-color":"var(--ast-global-color-5)","background-image":"","background-repeat":"repeat","background-position":"center center","background-size":"auto","background-attachment":"scroll","background-type":"","background-media":"","overlay-type":"","overlay-color":"","overlay-opacity":"","overlay-gradient":""},"tablet":{"background-color":"","background-image":"","background-repeat":"repeat","background-position":"center center","background-size":"auto","background-attachment":"scroll","background-type":"","background-media":"","overlay-type":"","overlay-color":"","overlay-opacity":"","overlay-gradient":""},"mobile":{"background-color":"","background-image":"","background-repeat":"repeat","background-position":"center center","background-size":"auto","background-attachment":"scroll","background-type":"","background-media":"","overlay-type":"","overlay-color":"","overlay-opacity":"","overlay-gradient":""}},"ast-content-background-meta":{"desktop":{"background-color":"var(--ast-global-color-4)","background-image":"","background-repeat":"repeat","background-position":"center center","background-size":"auto","background-attachment":"scroll","background-type":"","background-media":"","overlay-type":"","overlay-color":"","overlay-opacity":"","overlay-gradient":""},"tablet":{"background-color":"var(--ast-global-color-4)","background-image":"","background-repeat":"repeat","background-position":"center center","background-size":"auto","background-attachment":"scroll","background-type":"","background-media":"","overlay-type":"","overlay-color":"","overlay-opacity":"","overlay-gradient":""},"mobile":{"background-color":"var(--ast-global-color-4)","background-image":"","background-repeat":"repeat","background-position":"center center","background-size":"auto","background-attachment":"scroll","background-type":"","background-media":"","overlay-type":"","overlay-color":"","overlay-opacity":"","overlay-gradient":""}},"footnotes":""},"class_list":["post-592","page","type-page","status-publish","hentry"],"_links":{"self":[{"href":"https:\/\/www.imkerverein-aurich.de\/index.php?rest_route=\/wp\/v2\/pages\/592","targetHints":{"allow":["GET"]}}],"collection":[{"href":"https:\/\/www.imkerverein-aurich.de\/index.php?rest_route=\/wp\/v2\/pages"}],"about":[{"href":"https:\/\/www.imkerverein-aurich.de\/index.php?rest_route=\/wp\/v2\/types\/page"}],"author":[{"embeddable":true,"href":"https:\/\/www.imkerverein-aurich.de\/index.php?rest_route=\/wp\/v2\/users\/1"}],"replies":[{"embeddable":true,"href":"https:\/\/www.imkerverein-aurich.de\/index.php?rest_route=%2Fwp%2Fv2%2Fcomments&post=592"}],"version-history":[{"count":28,"href":"https:\/\/www.imkerverein-aurich.de\/index.php?rest_route=\/wp\/v2\/pages\/592\/revisions"}],"predecessor-version":[{"id":1799,"href":"https:\/\/www.imkerverein-aurich.de\/index.php?rest_route=\/wp\/v2\/pages\/592\/revisions\/1799"}],"wp:attachment":[{"href":"https:\/\/www.imkerverein-aurich.de\/index.php?rest_route=%2Fwp%2Fv2%2Fmedia&parent=592"}],"curies":[{"name":"wp","href":"https:\/\/api.w.org\/{rel}","templated":true}]}}